ime?
True
Is 69962437 composite?
False
Is 35000831459 composite?
True
Is 74857564519 a composite number?
True
Is 184458697 a prime number?
True
Is 140924089 a prime number?
True
Is 94414278979 composite?
True
Is 630661517 a prime number?
False
Is 940478237 composite?
True
Is 13190135771 composite?
False
Is 15931461587 prime?
True
Is 5123436949 composite?
True
Is 96186966317 prime?
False
Is 33370193413 a prime number?
True
Is 1748938819 composite?
False
Is 20589287113 prime?
True
Is 25848248483 composite?
False
Is 17994134555 composite?
True
Is 504939853 prime?
False
Is 4944884101 composite?
False
Is 3884140213 composite?
True
Is 725332397 prime?
True
Is 9430477373 a composite number?
True
Is 21722259929 composite?
True
Is 1081608874 composite?
True
Is 262701133 a prime number?
False
Is 3568626103 composite?
True
Is 18771326633 composite?
True
Is 2386787057 prime?
False
Is 3802977671 a composite number?
False
Is 59011847071 a composite number?
False
Is 154493973353 composite?
False
Is 111294101 a composite number?
True
Is 1081632961 a prime number?
True
Is 177447025709 composite?
False
Is 144361033 a composite number?
False
Is 55942589767 a prime number?
True
Is 803513341 a prime number?
True
Is 28586083549 prime?
True
Is 11736943499 a prime number?
False
Is 2214812399 a prime number?
False
Is 136363861 a prime number?
False
Is 206271295927 a composite number?
True
Is 15565929263 prime?
True
Is 311088020077 a prime number?
True
Is 38344755061 a composite number?
False
Is 4446270757 prime?
False
Is 190199981 prime?
True
Is 2941844051 composite?
False
Is 423661991 a composite number?
True
Is 3788629823 a prime number?
False
Is 233019613 prime?
False
Is 15712672879 prime?
True
Is 9142562567 a composite number?
False
Is 33267439681 prime?
False
Is 1289495587 a prime number?
True
Is 1659148831 a prime number?
False
Is 345413721 a prime number?
False
Is 3195975269 prime?
True
Is 17256376043 a composite number?
True
Is 38083585993 a prime number?
False
Is 866589797 prime?
False
Is 21887860321 composite?
True
Is 21338517187 prime?
False
Is 1998064522 prime?
False
Is 85821674593 composite?
True
Is 13229949521 a composite number?
False
Is 41604155231 a prime number?
True
Is 638696101 a composite number?
True
Is 201853751 composite?
True
Is 1028523557 a composite number?
False
Is 13801866791 prime?
True
Is 755837723 a prime number?
True
Is 822748231 a prime number?
True
Is 18434589359 composite?
False
Is 683499767 composite?
False
Is 98231503 a prime number?
True
Is 3581184281 composite?
False
Is 10001011663 a prime number?
True
Is 623939773 a prime number?
True
Is 30837918191 a prime number?
False
Is 1415588761 a prime number?
True
Is 26193277003 a composite number?
True
Is 304319017 a composite number?
False
Is 5351901563 prime?
False
Is 3197417989 prime?
False
Is 371251847 composite?
False
Is 4150090947 composite?
True
Is 35017736867 a composite number?
False
Is 6969441407 composite?
False
Is 956563103 prime?
True
Is 892552907 a composite number?
False
Is 38416201 a composite number?
True
Is 4923797993 a composite number?
False
Is 3210243053 a prime number?
True
Is 15219856331 a prime number?
True
Is 1659491611 prime?
False
Is 98885837 prime?
False
Is 5968819607 prime?
False
Is 110802333935 a composite number?
True
Is 11457541673 prime?
False
Is 21232913941 prime?
True
Is 421345559 a prime number?
True
Is 1071287389 prime?
False
Is 97820556127 a prime number?
False
Is 2642122453 composite?
False
Is 4646510123 prime?
False
Is 54107153909 composite?
False
Is 4664223197 a composite number?
True
Is 38434651 prime?
False
Is 1381630853 prime?
True
Is 6800439301 prime?
True
Is 445497233 composite?
False
Is 11507365907 composite?
True
Is 5013835157 prime?
True
Is 3333730654 a composite number?
True
Is 1498403297 a composite number?
False
Is 6471948353 a prime number?
False
Is 722289079 a composite number?
True
Is 3721473721 composite?
True
Is 17431522337 a prime number?
True
Is 19361794831 a prime number?
False
Is 19056962641 prime?
False
Is 23718611902 a composite number?
True
Is 28872685673 a prime number?
False
Is 6388164331 prime?
True
Is 4350461447 a prime number?
False
Is 36579713173 composite?
False
Is 90475301017 composite?
True
Is 666110863 a composite number?
True
Is 150252701 a prime number?
False
Is 4012945663 a composite number?
True
Is 79486880631 a prime number?
False
Is 2150887139 a prime number?
False
Is 29834134067 a composite number?
False
Is 4979317933 composite?
False
Is 7992621253 prime?
True
Is 1038221153 a prime number?
True
Is 1576684609 prime?
True
Is 678046471 a prime number?
False
Is 26373220273 a prime number?
False
Is 1558767481 prime?
True
Is 107237171 composite?
False
Is 927607591 a composite number?
False
Is 738856429 composite?
False
Is 373445491 a prime number?
True
Is 24016173407 a composite number?
True
Is 104832343711 composite?
False
Is 2026052683 prime?
True
Is 15112482089 a prime number?
True
Is 154988629259 a composite number?
False
Is 1101807271 prime?
True
Is 20070152183 a prime number?
True
Is 7796089409 composite?
False
Is 3542075401 prime?
True
Is 909652817 a composite number?
False
Is 768501707 prime?
True
Is 6815709939 a prime number?
False
Is 16664059499 a prime number?
True
Is 1200513073 a prime number?
True
Is 2505580451 a prime number?
False
Is 8763457331 a prime number?
False
Is 1540583507 a composite number?
False
Is 4282413973 composite?
True
Is 223216219511 a prime number?
True
Is 22631181917 composite?
True
Is 49015424179 a prime number?
True
Is 68778805 a composite number?
True
Is 1686985771 composite?
False
Is 5782901737 a prime number?
False
Is 3538723823 a composite number?
True
Is 364523101 prime?
True
Is 3692261537 a prime number?
True
Is 487141591 a composite number?
True
Is 14934543157 a composite number?
False
Is 3347143157 a prime number?
True
Is 121377446 composite?
True
Is 43175590621 a composite number?
True
Is 3410781791 a prime number?
False
Is 316067767 composite?
False
Is 226823903 a prime number?
True
Is 256568341 a prime number?
False
Is 7410814793 a composite number?
True
Is 134734653073 a composite number?
False
Is 8992394441 a composite number?
False
Is 5845129427 prime?
False
Is 28902180157 composite?
False
Is 3418237967 a prime number?
True
Is 5483645761 a prime number?
False
Is 96003953 a composite number?
True
Is 39156180331 a prime number?
False
Is 64459539241 prime?
True
Is 51954518351 a composite number?
False
Is 5252181587 composite?
True
Is 488408097 a composite number?
True
Is 206630009 prime?
True
Is 57084378173 prime?
False
Is 118601209 a composite number?
False
Is 2077426577 a composite number?
False
Is 19650903841 a composite number?
True
Is 59811928419 prime?
False
Is 71991231017 composite?
True
Is 289398607 prime?
False
Is 2235960193 composite?
False
Is 454521217 a composite number?
False
Is 27632461139 composite?
False
Is 4122026789 composite?
False
Is 1381924591 composite?
False
Is 56116081223 composite?
False
Is 995530139 composite?
True
Is 112564667 a prime number?
False
Is 4600700723 a composite number?
False
Is 7057893389 prime?
True
Is 87581801 composite?
False
Is 2047005193 a prime number?
False
Is 21635334949 a composite number?
True
Is 137429987 composite?
True
Is 51613914386 a prime number?
False
Is 3454709831 composite?
False
Is 10637206673 a composite number?
False
Is 23279545141 composite?
False
Is 4182451913 prime?
True
Is 37810982951 composite?
True
Is 966093869 a composite number?
True
Is 15116826409 prime?
True
Is 11016356189 a prime number?
False
Is 120397643 composite?
True
Is 893149993 composite?
True
Is 1346199467 composite?
False
Is 42022541833 prime?
False
Is 841480469 a prime number?
True
Is 26409431 a composite number?
False
Is 1171822907 composite?
True
Is 8117940839 a prime number?
False
Is 1246113859 a composite number?
True
Is 298137027391 prime?
False
Is 1336115919 a composite number?
True
Is 1249472831 composite?
False
Is 241331047 composite?
False
Is 891514849 prime?
True
Is 9097798313 composite?
False
Is 1924382414 prime?
False
Is 11623928887 composite?
True
Is 18355365227 prime?
True
Is 802519027 composite?
False
Is 1189885901 composite?
False
Is 91615117157 a composite number?
False
Is 85393597529 composite?
True
Is 140783116